he highest common divisor of 45 and u.
15
Let b(o) = 2*o**2 - o - 2. Let u be b(2). Let l(v) = -v**3 - v**2 + v + 2. Let p be l(0). What is the greatest common divisor of u and p?
2
Let n(h) = h**3 + 13*h**2 + 11*h - 4. Let k be n(-12). Let j(s) = s**3 - 7*s**2 + s - 9. Let v be j(k). Calculate the greatest common divisor of 9 and v.
9
Let l(u) = -3*u + 8. Let y be l(-7). What is the greatest common divisor of y and 116?
29
Suppose -5*w + 244 = -q + 4*q, 3*q = w + 268. Calculate the greatest common factor of q and 22.
22
Let y be (1 + 1 + -1)*-11. Suppose -253 = -2*w + m + 543, 8 = 2*m. Let x be w/22 - (-2)/y. What is the greatest common divisor of x and 2?
2
Let k = 65 - 11. Suppose g - 24 = 3. What is the highest common factor of k and g?
27
Suppose 5*r = 5*a + r - 25, -25 = -5*a - 5*r. Suppose 324 = a*m + 124. What is the highest common divisor of 16 and m?
8
Let m be (152/(-6))/(2/(-3)). Suppose 0*u + 15 = 5*u. Suppose 0*w - 285 = -u*w. Calculate the highest common divisor of m and w.
19
Let f = -12 + 24. Let s = 4 + f. Let x be -8 + (-105)/(-14) + (-10)/(-4). What is the highest common factor of s and x?
2
Suppose -4*k - 44 = -j, -4*k = j + j + 32. Let c = k - -21. What is the highest common factor of c and 88?
11
Suppose 9*p = 4*p + 10. Suppose -168 = -4*m + p*m. Let o(i) = 2*i + 4. Let u be o(4). Calculate the highest common divisor of u and m.
12
Let c(g) = -g**2 - 2*g - 1. Let j be c(4). Let a = j + 41. Let s(n) = 3*n**2 + n + 4. Let v be s(-4). What is the highest common factor of a and v?
16
Suppose 5*i - 5*a + 35 = 0, 22 + 14 = -4*i + 2*a. Let x(f) = f**3 + 10*f**2 - 14*f - 13. Let s be x(i). What is the highest common factor of 100 and s?
20
Suppose 72 = 10*d - 148. What is the greatest common factor of 242 and d?
22
Let h = 209 + 16. Calculate the highest common factor of 25 and h.
25
Suppose 7 = -c + 16. Calculate the greatest common divisor of c and 36.
9
Let k(n) = -2*n + 15. Let g be k(7). Suppose 0 = -4*x - i + g, -2 = 2*i + 4. What is the highest common factor of 8 and x?
1
Let m(l) = 11*l**2 + 1. Let v be m(1). Let x(i) = i**3 - 11*i**2 - 11*i - 3. Let j be x(v). What is the greatest common divisor of 72 and j?
9
Suppose -7*u - 18 = -4*u. Let r be u/(-2) - (0 - 1). What is the highest common factor of 4 and r?
4
Let n be -32 + (-1 - (-1 - 0)). Suppose -17 = c - 2*c. Let f = c - n. What is the highest common divisor of f and 7?
7
Suppose -8*s - 10 = -u - 4*s, 25 = 5*s. Calculate the greatest common factor of 120 and u.
30
Suppose -5*h - 1 = -6*h. Let o(r) = -r**2 - 6*r - 8. Let a be o(-7). Let w be 6/a + 17/5. Calculate the greatest common factor of h and w.
1
Suppose 4*y + 8 = 4*n - 0, 10 = -y + 3*n. Suppose -2*k = 5*x - 75, -y*x - x + 39 = k. What is the greatest common factor of 12 and k?
6
Let w be (-24)/(-56) + (-18)/(-7). Calculate the greatest common divisor of 1 and w.
1
Let h(g) = -2*g + 11. Let n be h(-3). Calculate the greatest common divisor of 136 and n.
17
Let o = 15 - 8. What is the highest common factor of 7 and o?
7
Suppose -4*q = t - 20, t + 4*q + q = 25. Suppose t*r - 4*r = -288. Suppose 2*p = 29 + 7. Calculate the highest common factor of p and r.
18
Suppose -5*b + 1205 = 5*n, 249 + 955 = 5*b + 4*n. Suppose i - f = -b, 3*f - 167 + 1099 = -4*i. Let a = i + 423. What is the highest common divisor of 17 and a?
17
Let o(p) = 109*p**3 + p**2 - 2*p + 2. Let m be o(1). Calculate the greatest common factor of 10 and m.
10
Let n = 2 - -1. Suppose -n*y - y = -3*s + 151, s = -2*y + 37. What is the greatest common factor of 18 and s?
9
Let n(z) = 5. Let u(m) = m + 5. Let i(c) = 3*n(c) - 4*u(c). Suppose 9*s + 25 = 4*s. Let b be i(s). What is the greatest common factor of 45 and b?
15
Suppose 4*v - 5*u - 17 = 39, -3*v + 42 = u. What is the highest common factor of v and 35?
7
Suppose -5 = -2*b - 1. What is the highest common factor of 2 and b?
2
Let d be (-1 - -4)/((-9)/6). Let i = 0 - d. Suppose 3*r + a - 6 = -0*r, -r + i*a = 5. Calculate the greatest common factor of 4 and r.
1
Suppose -5*r + 180 = -0*r - j, -2*j = 0. What is the greatest common factor of 12 and r?
12
Suppose 3*l + x = -l + 879, 3*x - 1097 = -5*l. Calculate the highest common divisor of 22 and l.
22
Suppose 4*f - 15 = -3*x + f, -2*x + 2*f = -10. Let c(u) = -u + 5. Let v be c(9). Let z be (0 + (-2)/v)*4. What is the highest common divisor of z and x?
1
Suppose 0 = 3*w + o + o - 7, 0 = 2*w - o - 7. Suppose 0 = -2*m - 4*b + 52, -w*m + 74 = 2*b + 3*b. Calculate the greatest common divisor of 18 and m.
18
Let l(a) = -16*a. Let s be l(-3). Let r = 21 + -16. Suppose 2*f + s = r*f. What is the highest common divisor of 2 and f?
2
Suppose 2*u - 24 - 29 = -5*o, -4*u = -3*o - 67. Suppose 3 - u = c. Let g = 25 + c. Calculate the greatest common divisor of g and 36.
9
Let o(h) = 2*h - 5. Suppose w + 2*w = 12. Let j be o(w). Suppose -2*z - 3*y = -j - 14, z - 14 = 4*y. Calculate the highest common factor of 10 and z.
10
Suppose -3*y + 5*j = -80, -j - 19 = -5*y + 129. Suppose s + 0*s - y = 0. Calculate the highest common divisor of 60 and s.
30
Let z = 16 + -7. Calculate the highest common factor of 45 and z.
9
Let k = 168 - 104. Calculate the greatest common factor of 8 and k.
8
Let u = -22 + 48. Let p be ((-5)/2)/((-1)/u). Calculate the greatest common factor of p and 26.
13
Suppose 0 = 4*x - 19 + 7. Let o be ((-18)/x)/(3/(-10)). What is the highest common factor of o and 8?
4
Let b = -28 + 40. Suppose -2*g - 80 = -0*g. Let f = g + 70. Calculate the highest common factor of f and b.
6
Suppose -k + 10 = -f, 0*k + 3*f - 12 = -4*k. Let s(q) = 49*q**3 - 2*q + 1. Let x be s(1). Calculate the greatest common factor of x and k.
6
Suppose 3*b + 1 = -5, 5*q - 17 = b. What is the highest common factor of q and 6?
3
Suppose 0 = -o + 2*l + 8, 0 = -5*o + 4*l + 87 - 17. Calculate the greatest common divisor of 27 and o.
9
Let v be (2/6)/((-1)/(-18)). Let s be v + (2/1)/2. What is the greatest common divisor of 63 and s?
7
Suppose 3*i = 2*i + 4*h + 10, -5*h - 5 = 0. What is the greatest common divisor of i and 30?
6
Let n = 65 - 26. What is the greatest common factor of n and 273?
39
Let x(k) = 2*k - 7. Let p be x(4). Calculate the greatest common factor of 8 and p.
1
Let j be 2/(-12) - (0 - 1875/18). Calculate the highest common factor of j and 13.
13
Let p(u) = u**2 + 5*u - 4. Let h be p(4). Suppose -30 = 2*l + 170. Let g = -52 - l. Calculate the greatest common divisor of g and h.
16
Suppose -43 = -4*l + 5*b, -68 + 26 = -l - 5*b. Suppose -4*z - 5 = -l. Suppose -z*g + 2 = -2*g. What is the greatest common factor of 8 and g?
2
Let h be (21/(-2))/((-3)/16). Let l(p) = -p**3 - p - 4. Let r be l(0). Let k = r + 18. Calculate the highest common factor of h and k.
14
Let s(f) = f**3 - f**2 + 3. Let k be s(2). Calculate the highest common divisor of 1 and k.
1
Let m = -617 - -963. Suppose -4*f = -2*i - m, -347 + 86 = -3*f + i. Let t = -3 - -14. Calculate the highest common factor of t and f.
11
Let z be 54/(-90) + 126/10. What is the greatest common factor of z and 132?
12
Suppose -f - 3*h + 2 = -2*h, 1 = -h. Let o(v) = -v + 5. Let q be o(-7). Calculate the greatest common factor of q and f.
3
Suppose -5*n + 5 + 15 = 0. Let q = 19 + -13. Calculate the greatest common divisor of n and q.
2
Let v be (-1)/4 - 117/(-36). Let o be ((-18)/15)/(v/(-10)). Let c be o/6*(17 + -2). What is the highest common factor of 25 and c?
5
Let s(z) = z**3 - 5*z**2 + 6*z - 7. Let i be s(5). Let a be -4*1*i/(-2). Suppose 190 = 2*y + a. Calculate the highest common divisor of 8 and y.
8
Suppose 2*u = -64 - 26. Let h be (81/u)/((-3)/10). Calculate the greatest common factor of h and 24.
6
Suppose 3*a - 5*v = 183, 0 = -a + 2*a - 3*v - 57. What is the highest common divisor of 6 and a?
6
Let q = 218 - 61. Suppose -371 - q = -4*z. Calculate the greatest common factor of z and 12.
12
Let v be (-9)/(-27) + 929/3. Let a = v - 35. Suppose 390 = 5*k - a. Calculate the highest common factor of 19 and k.
19
Let z be 1 - 25/5 - -81. Calculate the greatest common factor of z and 7.
7
Let c(h) = 14*h**3 + 2*h**2 + 2*h + 1. Let v be c(-1). Let q = v - -21. Calculate the greatest common divisor of q and 72.
8
Let j(o) = -o**3 + 4*o**2 + o - 2. Let z be j(4). Suppose 3*k + v = 58, -z*k = -k + 5*v + 4. Calculate the gr